11100111101?
-11101010100010010001
In base 14, what is 223b9 + 5a?
22435
In base 2, what is -1010000 + -11011111011100100001111?
-11011111011100101011111
In base 6, what is -3 - 14331031312?
-14331031315
In base 7, what is -3 - 30304632?
-30304635
In base 5, what is 23032 - -2111122?
2134204
In base 2, what is 1110011101000010000000 - -1?
1110011101000010000001
In base 8, what is 2000754113 - 5?
2000754106
In base 11, what is -a07 - 393647?
-394553
In base 5, what is -431200422242 + 1?
-431200422241
In base 14, what is 1c + 261a99?
261ab7
In base 14, what is -10 - d2a23?
-d2a33
In base 4, what is 1212010013231 - 11?
1212010013220
In base 13, what is 3222ab - -2?
3222b0
In base 7, what is -60 - 10032414?
-10032504
In base 13, what is -2c4aa54 - -5?
-2c4aa4c
In base 10, what is 66 + 380005?
380071
In base 3, what is -102 - 1110220110021?
-1110220110200
In base 4, what is -202133 + -21010333?
-21213132
In base 8, what is 462 + 1256070?
1256552
In base 6, what is -331 - -34055515?
34055144
In base 4, what is 1123323111303 + -1?
1123323111302
In base 9, what is 15615267 + 1?
15615268
In base 7, what is 21 - -15304043?
15304064
In base 6, what is -1204 - -2130053?
2124445
In base 11, what is -283 - 467a6?
-46a79
In base 8, what is -27562617 - -4?
-27562613
In base 7, what is -13231211 - 151?
-13231362
In base 9, what is -1 + -276360?
-276361
In base 9, what is -35 + 4338732?
4338686
In base 7, what is -11266422 + -333?
-11300055
In base 6, what is -3 - 23153221312?
-23153221315
In base 2, what is 10100100000001100011010 + -1?
10100100000001100011001
In base 12, what is 0 - -14b3965?
14b3965
In base 15, what is -4 - -4046e2e?
4046e2a
In base 7, what is -1315 - -51555?
50240
In base 16, what is -1 + -30a28?
-30a29
In base 11, what is 56197 - 3789?
52509
In base 14, what is -5c - 2cab28?
-2cab86
In base 8, what is 67 + -57226202?
-57226113
In base 13, what is -94 - 462339?
-462400
In base 13, what is -caa - -a1c6?
9219
In base 16, what is 17 + 560e2?
560f9
In base 5, what is -1122434 + -1043420?
-2221404
In base 16, what is 7 + -4c0a63?
-4c0a5c
In base 10, what is -8160958 + -45?
-8161003
In base 14, what is a - -28c274?
28c280
In base 4, what is 1 + 100200312110200?
100200312110201
In base 15, what is -22 - 1620e5?
-162117
In base 6, what is -21433203 + 20?
-21433143
In base 9, what is -145 + -6811?
-7056
In base 10, what is -33618 - 228?
-33846
In base 7, what is -514 + 3050326?
3046512
In base 15, what is -8518 - -1c2?
-8346
In base 4, what is -1030233220203 + -11?
-1030233220220
In base 16, what is -945 + 3a?
-90b
In base 4, what is 3 - -112313222302?
112313222311
In base 3, what is 10011100 + 2101100000?
2111111100
In base 16, what is -11 + 19c646?
19c635
In base 13, what is 1 - -18a2755?
18a2756
In base 5, what is -1 + -3424130133?
-3424130134
In base 16, what is -1e7 - efff4?
-f01db
In base 3, what is -2 - 1022101001112?
-1022101001121
In base 4, what is 1122331121 - 111?
1122331010
In base 5, what is -40023430 - 4?
-40023434
In base 7, what is 13200620 - -1?
13200621
In base 6, what is -1155 - 20512222?
-20513421
In base 8, what is 10736674 + -3?
10736671
In base 5, what is -120314 + 244423?
124104
In base 11, what is a0676 + -3255?
98421
In base 6, what is 231 + 5053505?
5054140
In base 4, what is -32123002 - 3133?
-32132201
In base 6, what is -4355 + -1323?
-10122
In base 12, what is -230 + 0?
-230
In base 10, what is 1906 + -20270?
-18364
In base 9, what is -2720526 + 3?
-2720523
In base 2, what is -10001010 - 101011110101101100?
-101011110111110110
In base 5, what is -104434404 + -100?
-104440004
In base 11, what is 2038745 - 7?
2038739
In base 5, what is 41 - -104141222?
104141313
In base 15, what is -a + 452e6?
452db
In base 8, what is 1024416 + 313?
1024731
In base 13, what is -3 - -4b8b69c?
4b8b699
In base 9, what is -4328 + 303?
-4025
In base 13, what is -265 + c702?
c46a
In base 16, what is 2 - b33aee?
-b33aec
In base 13, what is -269a - 5abc?
-8489
In base 8, what is 221177343 + -2?
221177341
In base 11, what is 305a + 1074?
4123
In base 11, what is aa + -370675?
-370576
In base 12, what is 3876a4 - -b6?
38779a
In base 16, what is -392ee - 66?
-39354
In base 12, what is 242a - -209?
2637
In base 10, what is 5659 - -26758?
32417
In base 5, what is -242 - 333423420?
-333424212
In base 15, what is 5 + 2261891?
2261896
In base 12, what is 51b3 - -559?
5750
In base 14, what is -6767 + d4?
-6673
In base 9, what is 0 + -3584451?
-3584451
In base 9, what is 253 + -311347?
-311084
In base 9, what is -5642727 + 118?
-5642608
In base 16, what is -13e - 2895?
-29d3
In base 13, what is -178 - -1a9b98?
1a9a20
In base 11, what is -938 + -47648?
-48485
In base 15, what is 11 - -334d708?
334d719
In base 11, what is -9862 + 25727?
16975
In base 15, what is a1ddac - 3?
a1dda9
In base 15, what is -1b5c70c - -7?
-1b5c705
In base 13, what is 75 - -2c0635?
2c06aa
In base 3, what is -2220000201001100 - -1?
-2220000201001022
In base 3, what is 1102211210 + 1011022?
1111000002
In base 13, what is 720419 - -2?
72041b
In base 10, what is -5118 - -27338?
22220
In base 10, what is -1246601 - 17?
-1246618
In base 5, what is -333334 - -20112?
-313222
In base 3, what is -2012202111120 - 2?
-2012202111122
In base 14, what is 1265d - cb?
12572
In base 16, what is -28 + 522bcf?
522ba7
In base 16, what is -e + 832c8c?
832c7e
In base 8, what is 3352 + 645352?
650724
In base 6, what is 213403 - 204052?
5311
In base 12, what is -11635b - 25b?
-1165ba
In base 11, what is -55078 + 150?
-54a28
In base 8, what is -3572260 + -4?
-3572264
In base 10, what is 59427630 - 2?
59427628
In base 15, what is -8c2 - 24a?
-b1c
In base 16, what is -7162 - -3fa?
-6d68
In base 5, what is 21 - 12041004143?
-12041004122
In base 5, what is 4 + 3413303234?
3413303243
In base 8, what is -13 + 5312226?
5312213
In base 12, what is -25aa2 + -7b6b?
-31a51
In base 3, what is -11210220121 + 11011?
-11210202110
In base 9, what is -27732 + 1766?
-25855
In base 7, what is 3155062 + 3451?
3161543
In base 2, what is 11 + -1000010100101001101111?
-1000010100101001101100
In base 12, what is 10 - 4383184?
-4383174
In base 14, what is -2a7d3704 + 5?
-2a7d36dd
In base 16, what is -8fd - -967?
6a
In base 7, what is -106502 + -35424?
-145226
In base 5, what is -124 + -2143214243?
-2143214422
In base 10, what is 198598 - -32?
198630
In base 15, what is -38b0839 + 2?
-38b0837
In base 16, what is -68b27 + -184?
-68cab
In base 14, what is -4a + -1154c6?
-115532
In base 10, what is 37390 + -752?
36638
In base 5, what is -143110042302 + 4?
-143110042243
In base 15, what is 116c + 3589?
4706
In base 4, what is -23023133 + -2112330?
-31202123
In base 3, what is 1 + -1102222202102?
-1102222202101
In base 10, what is 6647631 + -88?
6647543
In base 7, what is -26 + -562166532?
-562166561
In base 5, what is -3120010 + -14312?
-3134322
In base 16, what is 805593 - -6?
805599
In base 2, what is -10101000100101011001000010 + -101?
-10101000100101011001000111
In base 14, what is 0 - 454355?
-454355
In base 2, what is 100100100010010 - 101011010001011?
-110101111001
In base 6, what is -3 - -120343105?
120343102
In base 8, what is -1165377 - -47?
-1165330
In base 5, what is -14 + 3233131001?
3233130432
In base 10, what is 45707688 + 5?
45707693
In base 2, what is 1000101 + -101101001001011100000100?
-101101001001011010111111
In base 3, what is 101120110201 - -12120?
101120200021
In base 16, what is b6da9 - 10?
b6d99
In base 10, what is -436793 + 3?
-436790
In base 12, what is 806 + 8721?
9327
In base 6, what is -2412 - -50005?
43153
In base 4, what is -200000 + 1021112221?
1020312221
In base 15, what is 6 - -10dd7d?
10dd84
In base 15, what is -1709 - 658a?
-7c94
In base 3, what is -201100 - -21100100112?
21022122012
In base 16, what is -1edd - 7f?
-1f5c
In base 12, what is -3 + 6373279?
6373276
In base 15, what is -247 - -c2c0e?
c29b7
In base 5, what is -144221 - -13414041?
13214320
In base 2, what is -101110 - -101100010000100011001?
101100010000011101011
In base 12, what is 0 - -1288194?
1288194
In base 15, what is -5b37 + -6c3?
-630a
In base 16, what is -1d3ff6 - 3e?
-1d4034
In base 11, what is -1a35 + -1271?
-31a6
In base 13, what is -288 + -1169?
-1424
In base 14, what is -2 - -1090454?
1090452
In base 3, what is 21010112